emainder when 6457 is divided by l?
65
Suppose -n + 2*v + 284 = 0, -2*n + v = -6*n + 1127. Let y = n - 114. Calculate the remainder when y is divided by 43.
39
Let z be (-4)/6 - (-175)/(-21). Let h be 7 - z/(18/(-8)). Suppose -h*g + 101 = -5*y, 4*g - 128 = 2*y + 3*y. Calculate the remainder when g is divided by 7.
6
Let r = 66 - 22. Let d(i) = 8*i**2 + 20*i + 20. What is the remainder when d(-5) is divided by r?
32
Let i be (-366)/10 + (-7)/(70/4). Let h = i + 54. Suppose -n + 20 + 42 = 0. Calculate the remainder when n is divided by h.
11
What is the remainder when 5919 is divided by 82*2/4 - -6?
44
Let w = 1995 - 1976. Calculate the remainder when 4597 is divided by w.
18
Suppose -2*d - 3*m + 7*m = -390, 805 = 4*d - 3*m. Suppose 1223*n = 1220*n + 90. Calculate the remainder when d is divided by n.
25
Let h(p) = 2*p**3 + 12*p**2 - 2*p - 34. Calculate the remainder when 414 is divided by h(-5).
24
Let m be 0 + (-16)/(1*-2). Let u be -13 - (15 - 5) - -15. Let h = m - u. Calculate the remainder when 63 is divided by h.
15
Let j = -49 + 45. Let c be -1 + -2 - (-12 - j). Suppose c*z - d - 55 - 11 = 0, -5*z + 4*d = -69. What is the remainder when 75 is divided by z?
10
Let w = 511 + -507. What is the remainder when 365 is divided by w?
1
Let k(g) = g**3 - g**2 - 6*g + 1. Let w be k(3). What is the remainder when 532/6 - 8/12 is divided by -5 - (w + -2 + -34)?
28
Suppose -3 = -y - 2*g + 28, 4*y + 2*g = 142. What is the remainder when 110 is divided by y?
36
What is the remainder when ((-1888)/48 + -15)/((-2)/30) is divided by 134?
11
Let n(q) = 60*q**2 + 2. Suppose -41*a + 50*a = -66*a + 2625. Calculate the remainder when n(2) is divided by a.
32
Let m = 271 + -211. Calculate the remainder when 748 is divided by m.
28
Let a(t) = -30*t**3 - t**2 + 34*t + 34. What is the remainder when 1628 is divided by a(-1)?
4
Suppose 3*k - c - 62 = 0, 3*k + c = -c + 47. What is the remainder when ((0 - 2)/((-144)/(-1890)))/(9/(-24)) is divided by k?
13
Suppose -32*s + 8642 = 5442. What is the remainder when 5095 is divided by s?
95
Suppose 4*g - 47*i = -50*i + 7407, 3*g = i + 5552. Calculate the remainder when g is divided by 17.
15
Let g = -4 + 59. Let n be (-4)/(-14) - (-30020)/133. Let c = n - 209. What is the remainder when g is divided by c?
4
Let k be 93/18 + 2/(-12). Suppose 36 + 14 = k*g. What is the remainder when (-93)/(-124)*16/2 + 21 is divided by g?
7
Suppose -19 = v - 24. What is the remainder when 1076 is divided by v?
1
Let g be (-40)/3*-9*(-3)/(-6). Suppose -3*y + 45 = 2*y - 2*m, 2*y - 3*m = 18. What is the remainder when 2920/g + (-5)/(-15) is divided by y?
4
Suppose 2*k = 5*k - 18. Let h be k*(-1 - (-5)/15). Let s(j) = -11*j - 1. Calculate the remainder when 85 is divided by s(h).
42
Let a(n) = n**2 + 20*n - 30. Let v be a(-21). Let b(j) = j**2 + 12*j + 54. What is the remainder when 146 is divided by b(v)?
11
Suppose -l = 329 - 48. Let m = -234 - l. What is the remainder when 137 is divided by m?
43
Let f(x) = -x**3 + 35*x**2 - 34*x + 112. Calculate the remainder when f(34) is divided by 62.
50
Suppose -196 + 2597 = 67*b - 1217. What is the remainder when 6155 is divided by b?
53
Let n(s) = -2927*s - 2. Suppose -u + 5 = -3*w, -2*u - 2 = 5*w - 1. Let l be n(w). Suppose -l = g - 16*g. Calculate the remainder when g is divided by 49.
48
What is the remainder when -3 + 83936/104 + (3 - 40/13) is divided by 402?
0
Suppose 4*t + 4*h = 15792 - 4860, 0 = 4*t - 4*h - 10892. Calculate the remainder when t is divided by 35.
33
Let q be (3850/(-20))/((-2)/28). Suppose 0 = 10*x + x - q. Suppose -5*d + d - 4*r + 252 = 0, 4*d = 3*r + x. Calculate the remainder when d is divided by 13.
10
Let k = 42518 - 41972. What is the remainder when k is divided by 117?
78
Let y(c) = 79*c - 124. Calculate the remainder when y(4) is divided by 28.
24
Let q = -1 + 1. Let x be 84/(-24)*(-20)/35. Suppose 5*y + 1 = c + 7, -4*c + x*y + 48 = q. What is the remainder when 64 is divided by c?
8
Suppose -3*p + 19 - 1 = 0. Suppose -2*g + 24*q - 22*q + 48 = 0, -126 = -5*g + 3*q. Calculate the remainder when g is divided by p.
3
Let s be 10/(-15) + (-2)/(-3). Let u(d) = -d**3 - d**2 + 2*d + 8. Let r be u(s). Suppose r*j - 59 = -3. What is the remainder when 38 is divided by j?
3
Suppose -46*v - 2525 = -51*v. Let d = 982 - v. Calculate the remainder when d is divided by 80.
77
Suppose 1171 = 6*q - 2*q + 5*p, -4*p - 20 = 0. Calculate the remainder when q/3 + 4/(-6)*1 is divided by 51.
48
Let c(q) = q**3 - 21*q**2 - q + 1. Let d be c(21). Let u = 91 + d. Let v(k) = k**2 - 4*k + 4. Calculate the remainder when u is divided by v(7).
21
Let a = -7207 - -7285. Let k = -123 - -267. Calculate the remainder when k is divided by a.
66
Suppose 69 = 3*p + 2*j, 0 = 5*p - 2*j - 8 - 107. Suppose -5*h = -7 - 73. Let k = 144 + h. What is the remainder when k is divided by p?
22
Calculate the remainder when 9671 is divided by 650*(-3)/(-114) - (-76)/(-722).
15
Let i(c) = 33*c**2 - 625*c - 53. Calculate the remainder when i(21) is divided by 26.
23
Let o(g) = -3*g + 7. Suppose 4*p + 1318 = 2*k, -5*p = -2*k + 381 + 942. Let y = -498 + k. What is the remainder when y is divided by o(-5)?
19
Let t(u) = 4*u**3 + u**2 + u + 5. What is the remainder when 640 is divided by t(2)?
38
Suppose 93*m - 2324 = 19810. Calculate the remainder when 490 is divided by m.
14
Let a = 5967 - 5843. What is the remainder when 299 is divided by a?
51
Suppose -222*x + 5941 = -1385. Calculate the remainder when 300/18*126/4 is divided by x.
30
Let o be (-15)/6*(-14 - -12). Suppose 0*y = o*y - 480. What is the remainder when y is divided by 17?
11
Suppose q + 3*q = 3*q. Suppose -61*o + 297 = -58*o + r, q = r - 3. Suppose 5*p = 1 + 54. What is the remainder when o is divided by p?
10
Suppose -5212 = 7*f - 5457. What is the remainder when 165 is divided by f?
25
Suppose 5*j + 40 = 5*n, 0 = 4*j + 5*n + 85 - 17. Let b be (8/j)/((-4)/(-246)). Let i = b + 62. What is the remainder when i is divided by 9?
3
Let a = 67 - 142. Let x be (483/15 - -1)/((-20)/50). Let p = a - x. Calculate the remainder when 37 is divided by p.
5
Suppose 0 = -4*c - 3*g + 9, g = 5*c - 4*g + 15. Suppose -q + 15 + 60 = c. What is the remainder when 596 is divided by q?
71
Suppose -162*l + 164*l - 118 = 2*x, 0 = -3*l + x + 167. What is the remainder when 1463 is divided by l?
5
Suppose 9*y - 10 = -2*d + 7*y, 4 = 4*y. Suppose 4*r - 18 = 62. What is the remainder when r is divided by d?
0
Let l(r) = -r**3 + 6*r**2 - r + 12. Let o be l(5). Suppose -3*p + p = -3*v - 36, o = 4*p + 4*v. Let x = -1 + p. What is the remainder when 20 is divided by x?
9
Let k(x) = x**2 - 8*x + 2. Let f be k(4). Let c be (21/f)/(12/(-40)). Suppose s = d - 8, -5*s = c*d - s - 4. Calculate the remainder when 13 is divided by d.
1
Let x be -14 + 20 - -4*14. What is the remainder when ((-4)/((-24)/x))/((-4)/(-12)) is divided by 20?
11
Let r(k) = k**3 + 22*k**2 - 57*k. Suppose -8*t - 287 = -95. Calculate the remainder when r(t) is divided by 22.
18
Let p(i) = -i**3 + 14*i**2 - 12*i + 4. Suppose -90*s - 1711 = -119*s. Calculate the remainder when p(8) is divided by s.
56
What is the remainder when (-9 + 584/1)/((-4)/(-8)) is divided by 201?
145
Let x(m) = 39*m - 151. Let i be x(-3). Let t = -113 - i. What is the remainder when t is divided by 40?
35
Let w be (-35)/(-35) + (-67 - (-1 - -1)). What is the remainder when 63 + (-11)/(w/(-12)) is divided by 25?
11
Suppose 40 = 3*v - 4*o - 29, -4*v + o = -92. Calculate the remainder when 123 is divided by v.
8
Let r = 33 - 36. Let z(u) = -u**2 + u + 16. Let v be z(r). Suppose -10 = -5*h + s + 5, -2*s = v*h - 12. Calculate the remainder when 28 is divided by h.
1
Let k be 1/(-2) + (-10)/(-4). Suppose 31 - 3 = k*z. Suppose 1223*f + 6552 = 1391*f. Calculate the remainder when f is divided by z.
11
Let m(g) = -g - 1. Let j(k) = 25*k - 14. Let c(t) = j(t) - 4*m(t). Calculate the remainder when c(2) is divided by 15.
3
Let q be (-3632)/12 + (-2)/(-3) + 3. Let f = q - -692. What is the remainder when f is divided by 36?
33
Suppose -4*h + o + 921 = 274, -5*o = -h + 138. What is the remainder when 496 is divided by h?
7
Let t(k) = k**2 + 18*k + 23. Suppose -10*x + 230 = -5*x. Suppose m + 4*m + 92 = q, x = -3*m - 4*q. Calculate the remainder when t(m) is divi